) = -n**3 - 30*n**2 + 2*n + 92. Determine i(-30).
32
Let d(i) = -50*i**3 + 2*i**2 - i - 3. What is d(-1)?
50
Let s(n) = n + 4. Give s(-10).
-6
Let r(c) = -c**3 - 2*c**2 - 4*c. Determine r(0).
0
Let u(q) = q**3 - 7*q**2 + 7*q - 17. What is u(6)?
-11
Let v(j) = -j**3 - j**2 - 18*j + 23. Calculate v(0).
23
Let m(q) = -q**3 - 10*q**2 + 2*q + 109. Calculate m(-9).
10
Let t(f) = -f**3 + 27*f**2 + 30*f - 62. Calculate t(28).
-6
Let y(n) = -n**3 - 8*n**2 - 6*n + 9. What is y(-8)?
57
Let g(f) = f**2 + 3*f - 16. What is g(-6)?
2
Let k(r) = 30*r + 22. Calculate k(3).
112
Let x(g) = 2*g**2 - 11*g - 1. Give x(9).
62
Let h(d) = -d**2 + 6*d - 13. Calculate h(6).
-13
Let y(j) = j**2 - 15*j + 10. What is y(15)?
10
Let v(r) = 2*r**2 + r - 2. What is v(-2)?
4
Let m(j) = j**3 - 6*j**2 - 5*j + 5. Determine m(6).
-25
Let a(c) = -17*c - 13. What is a(-5)?
72
Let k(g) = 79*g - 400. What is k(5)?
-5
Let b(t) = 6*t + 71. Calculate b(-17).
-31
Let m(f) = f**3 + 29*f**2 + 73*f - 2. Determine m(-3).
13
Let n(w) = w**2 + 2*w - 1. Determine n(-3).
2
Let w(d) = 3*d**2 + 6*d + 6. Give w(-2).
6
Let b(k) = -4*k - 10. Give b(-8).
22
Let z(f) = 2*f**3 + 1. Give z(1).
3
Let m(h) = -2*h + 5. Calculate m(-7).
19
Let d(y) = 2*y - 31. What is d(9)?
-13
Let w(p) = -p**2 + 20*p + 68. Calculate w(23).
-1
Let p(x) = 15*x - 214. Give p(14).
-4
Let c(n) = n**2 + 5*n + 4. Determine c(-1).
0
Let q(f) = -6*f + 21. Calculate q(2).
9
Let x(z) = -10*z + 3. Give x(5).
-47
Let f(l) = l**3 - 6*l**2 - 6*l - 18. Determine f(7).
-11
Let w(f) = -f - 3. Determine w(4).
-7
Let k(c) = c. Calculate k(9).
9
Let i(n) = -4*n - 17. Determine i(0).
-17
Let o(p) = -2*p**2 + 10*p - 16. Determine o(4).
-8
Let x(z) = -24*z**2 - z - 1. What is x(1)?
-26
Let m(s) = s**2 - 11*s + 22. Calculate m(10).
12
Let t(m) = -m**3 + 24*m**2 + 31*m - 140. Determine t(25).
10
Let m(l) = 2*l**2 - 5*l - 15. What is m(5)?
10
Let u(t) = t**3 + 4*t**2 + t + 1. What is u(-4)?
-3
Let s(q) = 33*q - 8. Give s(0).
-8
Let k(n) = n**3 - 10*n**2 + 6*n + 7. Calculate k(9).
-20
Let s(y) = -8*y - 74. Give s(-10).
6
Let o(x) = -2*x + 48. Calculate o(19).
10
Let g(w) = -w**2 + 37*w - 63. Calculate g(35).
7
Let j(u) = -2*u**2 - 16*u - 8. Give j(-8).
-8
Let b(o) = o + 24. Determine b(19).
43
Let z(k) = k**3 + 11*k**2 + k + 120. What is z(-12)?
-36
Let j(f) = -3*f - 6. What is j(4)?
-18
Let b(z) = 18*z**3 - 1. What is b(1)?
17
Let h(k) = 3*k**2 + 7*k - 9. Calculate h(5).
101
Let p(t) = -t - 3. Calculate p(-2).
-1
Let j(s) = 2*s**3 + 9*s**2 + s + 24. What is j(-5)?
-6
Let q(t) = -18*t + 44. Determine q(-4).
116
Let a(c) = -2*c**2 - 2*c + 2. Give a(-5).
-38
Let n(x) = 2*x**2 + 3*x - 4. Give n(2).
10
Let g(f) = 3*f**2 - f + 11. Calculate g(0).
11
Let h(c) = c**2 - 22*c + 111. Determine h(8).
-1
Let i(s) = -15*s**2 + 3*s - 1. What is i(1)?
-13
Let c(n) = 7*n**2 + 2*n. Determine c(-2).
24
Let k(i) = -i**2 - 5*i - 2. Determine k(0).
-2
Let m(k) = k + 18. Give m(-10).
8
Let i(p) = -6*p + 4. Give i(3).
-14
Let q(i) = -i**3 - 13*i**2 + 14*i - 12. Give q(-14).
-12
Let r(g) = -g**3 - 7*g**2 + 12*g + 27. What is r(-8)?
-5
Let x(a) = a**2 - 14*a + 15. What is x(11)?
-18
Let v(k) = k**3 - 6*k**2 + 4*k + 4. Determine v(5).
-1
Let l(v) = v**2 + 5*v + 13. Calculate l(-7).
27
Let w(m) = 2*m - 8. What is w(15)?
22
Let m(t) = -2*t + 66. Give m(20).
26
Let z(j) = -j**2 - 16*j + 256. Give z(-26).
-4
Let f(y) = 2*y - 9. Calculate f(11).
13
Let v(u) = 2*u**3 - 4*u**2 - 8*u - 5. Determine v(5).
105
Let i(o) = -17*o - 618. What is i(-36)?
-6
Let i(c) = c**2 - 7*c - 25. What is i(12)?
35
Let m(s) = -9*s - 18. Determine m(-6).
36
Let z(u) = 3*u**2 - 7*u + 6. Determine z(2).
4
Let w(g) = g - 30. What is w(18)?
-12
Let q(l) = l**3 - 3*l**2 - 6*l + 1. Calculate q(5).
21
Let y(q) = -10*q**2 - q + 1. What is y(1)?
-10
Let x(b) = b**2 - 29*b - 28. Give x(29).
-28
Let i(x) = x - 3. Determine i(-5).
-8
Let n(r) = -r**2 - 13*r - 34. What is n(-8)?
6
Let n(h) = -18*h**2 - 52*h + 10. Calculate n(-3).
4
Let b(z) = -z - 3. Give b(-11).
8
Let g(v) = -v**2 - 5*v + 1. Give g(5).
-49
Let h(t) = 2*t**2 + 8*t - 15. Determine h(-6).
9
Let u(a) = -a - 8. Calculate u(-12).
4
Let y(n) = -7*n - 16. Give y(-3).
5
Let v(p) = 2*p**3 - 2*p**2 - 3*p + 2. Give v(2).
4
Let u(h) = 9*h**2 - 8*h - 5. Give u(4).
107
Let f(p) = 6*p**2 - 56*p - 30. What is f(10)?
10
Let q(x) = -x**3 - 3*x**2 + 6*x - 6. Determine q(-5).
14
Let q(x) = x**3 + 4*x**2 + 2*x + 17. Determine q(-5).
-18
Let w(d) = -5*d + 90. Calculate w(11).
35
Let j(s) = -s**3 + 8*s**2 + s - 9. Calculate j(8).
-1
Let b(c) = -366*c - 1105. Give b(-3).
-7
Let p(h) = 2*h**2 - 6*h + 2. Give p(5).
22
Let f(k) = -200*k + 996. Calculate f(5).
-4
Let i(f) = f**3 + 9*f**2 + 13*f + 4. Give i(-9).
-113
Let w(x) = x**3 - 8*x**2 + 9*x - 1. Determine w(6).
-19
Let t(h) = 6*h - 6. Give t(8).
42
Let g(y) = y**2 + 24*y + 60. Calculate g(-18).
-48
Let i(g) = g**2 + 2*g - 12. Determine i(-4).
-4
Let m(u) = 14*u + 13. Determine m(-3).
-29
Let g(j) = j**2 - 43. What is g(6)?
-7
Let h(a) = 6*a - 249. What is h(42)?
3
Let x(u) = -6*u**2 + 3*u - 12. Give x(4).
-96
Let c(g) = -g + 21. Give c(9).
12
Let w(y) = -8*y + 3. Calculate w(-13).
107
Let l(k) = k**3 + 10*k**2 + 37*k + 270. Calculate l(-9).
18
Let b(s) = s - 1. Determine b(6).
5
Let o(z) = -z**2 + 26*z + 20. What is o(27)?
-7
Let y(u) = -6*u**2 + 3*u + 12. Determine y(4).
-72
Let p(v) = 6*v + 13. Determine p(-6).
-23
Let t(p) = -p**2 + 28*p - 110. Determine t(23).
5
Let a(n) = 4*n - 75. Determine a(19).
1
Let g(y) = -y**3 - 19*y**2 + 4*y + 40. Give g(-19).
-36
Let d(j) = -j**3 + 3*j**2 + j - 1. Calculate d(2).
5
Let o(j) = -2*j + 21. What is o(-16)?
53
Let m(l) = -l**3 + 11*l**2 - l + 8. Give m(11).
-3
Let o(f) = 10*f - 47. Determine o(4).
-7
Let c(u) = u**2 + 3*u + 2. What is c(-8)?
42
Let c(z) = 8*z + 3. What is c(-6)?
-45
Let l(h) = 4*h**2 + 66*h - 39. Determine l(-17).
-5
Let p(g) = -g**3 + 8*g**2 + 9*g + 7. Calculate p(9).
7
Let j(b) = -b**3 - 2*b**2 + 8. Determine j(0).
8
Let s(p) = -2*p**3 + p**2 + 3*p + 1. What is s(-1)?
1
Let o(b) = -15*b**3 - b**2 - b. What is o(-1)?
15
Let s(p) = -3*p**2 + 51*p + 119. What is s(19)?
5
Let o(c) = -c**3 - 6*c**2 - 9*c - 55. Give o(-6).
-1
Let y(m) = m**3 - 14*m**2 - 15*m - 4. Determine y(15).
-4
Let k(g) = -2*g - 3. Calculate k(-8).
13
Let o(s) = 37*s - 130. Determine o(4).
18
Let x(g) = 546*g + 3815. Determine x(-7).
-7
Let u(g) = -g**2 + 13*g - 19. What is u(4)?
17
Let y(b) = b + 7. Calculate y(-12).
-5
Let g(c) = -c**3 - 13*c**2 + 11*c - 34. What is g(-14)?
8
Let r(t) = -t**2 + 17*t + 11. Determine r(17).
11
Let v(q) = 11*q - 161. Calculate v(15).
4
Let y(i) = i**3 + 19*i**2 - 47*i - 88. What is y(-21)?
17
Let r(b) = b**2 - 17*b - 10. Calculate r(15).
-40
Let y(x) = 18*x + 80. Calculate y(-8).
-64
Let f(s) = 3*s**2 - 10*s - 43. Give f(7).
34
Let a(i) = -17*i**2 + 6*i - 3. Determine a(2).
-59
Let o(f) = f**2 - 20*f - 134. Calculate o(25).
-9
Let s(n) = n**2 - 4*n. Calculate s(5).
5
Let r(b) = -b**3 - 32*b**2 - 3*b - 88. What is r(-32)?
8
Let c(d) = -d - 38. Determine c(16).
-54
Let u(d) = -d**3 + 8*d**2 - 6*d + 16. Calculate u(6).
52
Let l(j) = j**3 + 8*j**2 + 6*j - 3. Give l(-8).
-51
Let n(b) = -b**3 + 8*b**2 + 2*b + 4. Give n(8).
20
Let j(v) = -v**2 - 8*v - 3. Give j(-7).
4
Let z(h) = -h**3 - 8*h**2 + h + 7. Calculate z(-8).
-1
Let r(q) = 29*q**2 - 3*q - 2. Calculate r(-1).
30
Let o(r) = -3*r - 4. Determine o(9).
-31
Let g(w) = w**2 + 10*w - 41. What is g(-13)?
-2
Let w(i) = 2*i**3 + 36*i**2 - 43*i - 97. Give w(-19).
-2
Let p(i) = -3*i - 5. Calculate p(-4).
7
Let d(v) = 3*v**2 + 32*v + 11. What is d(-11)?
22
Let z(u) = 3*u**2 - 5*u - 22. What is z(6)?
56
Let x(l) = 46*l**3 + 2*l - 1. What is x(1)?
47
Let d(y) = y**3 - 8*y**2 + 2*y + 6. What is d(8)?
22
Let l(m) = 78*m + 239. Calculate l(-3).
5
Let i(c) = -89*c + 7. Give i(0).
7
Let u(y) = -81*y + 575. Calculate u(7).
8
Let a(w) = w**2 - 6*w - 6. Calculate a(7).
1
Let r(o) = -o**3 + 3*o**2 + 2*o + 10. What is r(4)?
2
Let o(b) = -b**3 + 5*b**2 - 6*b + 2. Determine o(4).
-6
Let y(a) = -12*a - 3. What is y(4)?
-51
Let o(z) = -z**2 + 9*z + 3. Calculate o(6).
21
Let y(q) = q**3 - q**2 + 3*q + 1. Calculate y(3).
28
Let z(h) = -h + 5. Determine z(-9).
14
Let y(d) = 109*d**3 + 2*d - 2. Calculate y(1).
109
Let w(o) = -o + 9. Calculat